{"id":4562,"date":"2024-06-06T23:10:02","date_gmt":"2024-06-06T21:10:02","guid":{"rendered":"\/shop\/?post_type=product&#038;p=4562"},"modified":"2025-01-01T21:34:19","modified_gmt":"2025-01-01T20:34:19","slug":"cold-steel-karambit-trainer-92r49","status":"publish","type":"product","link":"\/shop\/produkt\/cold-steel-karambit-trainer-92r49\/","title":{"rendered":"Cold Steel Karambit Trainer (92R49)"},"content":{"rendered":"<p><span id=\"result_box\" class=\"\" lang=\"de\"><b><\/b><\/span><span id=\"result_box\" class=\"\" lang=\"de\"><b><span class=\"hps\">Cold Steel<\/span><\/b> <span class=\"hps atn\"><span style=\"font-size: xx-small\">\u00ae<\/span><b> Karambit Trainer <\/b><\/span><\/span><span id=\"result_box\" class=\"\" lang=\"de\"><span class=\"hps\">(<\/span><\/span><span id=\"result_box\" class=\"\" lang=\"de\"><span class=\"hps\">92R49)<b><br \/>\n<\/b><\/span><\/span><span id=\"result_box\" class=\"\" lang=\"de\"><\/span><span id=\"result_box\" class=\"\" lang=\"de\"><span class=\"hps\"><br \/>\n<\/span><\/span>Material: Santropene-Gummi<br \/>\nGesamtl\u00e4nge: ca. 23,2 cm<br \/>\nKlingenl\u00e4nge: ca. 10,2 cm<br \/>\nKlingenst\u00e4rke: ca. 12 mm<br \/>\nGriffl\u00e4nge: ca. 13 cm<br \/>\nGewicht: ca. 91 g <span id=\"result_box\" class=\"\" lang=\"de\"><span class=\"hps\"><br \/>\n<b><br \/>\n<\/b><\/span><\/span><span id=\"result_box\" class=\"\" lang=\"de\"><span class=\"hps\">Mit <\/span><\/span><span id=\"result_box\" class=\"\" lang=\"de\"><span class=\"hps\"><span style=\"font-family: tahoma;font-size: xx-small\">Cold Steel <span class=\"hps atn\">\u00ae <\/span><\/span>Trainingsmessern aus Gummi kann, bei relativ geringer Verletzungsgefahr ge\u00fcbt werden.<br \/>\nJedes Trainingsmodell wurde dem Originalmesser m\u00f6glichst getreu nachgebildet.<br \/>\nOptimal sind sie u.a. f\u00fcr Einzeltraining, Entwaffnungs\u00fcbungen oder Vorf\u00fchrungen,<br \/>\ndie mit einem echten Messer zu gef\u00e4hrlich w\u00e4ren,<br \/>\ndennoch m\u00f6glichst realistisch wirken sollten.<\/span><\/span><\/p>\n<p>Die Klingen aus Santoprene-Gummi sind weich genug, um Verletzungen fast aus zu schlie\u00dfen.<br \/>\nEs empfiehlt sich a<span class=\"\" lang=\"de\"><span class=\"hps\">llerdings immer zumindest die Augen und das Gesicht durch<br \/>\ngeeigneten Augenschutz oder eine Fechtmaske zu sch\u00fctzen. <\/span><span class=\"hps\"><br \/>\n<\/span><\/span><\/p>\n<h6>Informationen zur Produktsicherheit (GPSR)<br \/>\nGSM Outdoors 5250 Frye Rd,<br \/>\nIrving, TX 75061 USA<br \/>\ninfo@gsmorg.com<\/h6>\n<h6><span class=\"hps\">Verantwortliche Person:<br \/>\nMarkus Baumgarten<br \/>\nFriesenstieg 7<br \/>\n31134 Hildesheim<br \/>\nE-Mail:info@securitystore.de<\/span><\/h6>\n<p><span id=\"result_box\" class=\"\" lang=\"de\"><span class=\"hps\">\u00a0<\/span><\/span><\/p>\n","protected":false},"excerpt":{"rendered":"<p><span id=\"result_box\" class=\"\" lang=\"de\"><b><\/b><\/span><span id=\"result_box\" class=\"\" lang=\"de\"><b><\/b><\/span><span id=\"result_box\" class=\"\" lang=\"de\"><b><span class=\"hps\">Cold Steel<\/span><\/b> <span class=\"hps atn\">\u00ae<b> Karambit Trainer <\/b><\/span><\/span><span id=\"result_box\" class=\"\" lang=\"de\"><span class=\"hps\">(<\/span><\/span><span id=\"result_box\" class=\"\" lang=\"de\"><span class=\"hps\">92R49)<b><\/b><\/span><\/span><\/p>\n","protected":false},"featured_media":4563,"comment_status":"closed","ping_status":"closed","template":"","meta":[],"product_cat":[758],"product_tag":[1181,253,754,634,783,310,431,430,784,434,432,781,334,1173,768,750,1177,288,287,254,244,780,776,1182,777,328,766,1174,1169,1175,1176,753,749,1172,255,362,332,764,782,245,485,363,428,429,427,316,611,769,311,1178,775,1179,1180,778,286,289,302,767,779],"acf":[],"tiered_pricing_type":"fixed","tiered_pricing_fixed_rules":[],"_links":{"self":[{"href":"\/shop\/wp-json\/wp\/v2\/product\/4562"}],"collection":[{"href":"\/shop\/wp-json\/wp\/v2\/product"}],"about":[{"href":"\/shop\/wp-json\/wp\/v2\/types\/product"}],"replies":[{"embeddable":true,"href":"\/shop\/wp-json\/wp\/v2\/comments?post=4562"}],"wp:featuredmedia":[{"embeddable":true,"href":"\/shop\/wp-json\/wp\/v2\/media\/4563"}],"wp:attachment":[{"href":"\/shop\/wp-json\/wp\/v2\/media?parent=4562"}],"wp:term":[{"taxonomy":"product_cat","embeddable":true,"href":"\/shop\/wp-json\/wp\/v2\/product_cat?post=4562"},{"taxonomy":"product_tag","embeddable":true,"href":"\/shop\/wp-json\/wp\/v2\/product_tag?post=4562"}],"curies":[{"name":"wp","href":"https:\/\/api.w.org\/{rel}","templated":true}]}}