{"id":4547,"date":"2024-06-06T22:45:29","date_gmt":"2024-06-06T20:45:29","guid":{"rendered":"\/shop\/?post_type=product&#038;p=4547"},"modified":"2025-01-01T22:34:30","modified_gmt":"2025-01-01T21:34:30","slug":"tasmanian-tiger-tt-plate-carrier-sidepanel-set","status":"publish","type":"product","link":"\/shop\/produkt\/tasmanian-tiger-tt-plate-carrier-sidepanel-set\/","title":{"rendered":"Tasmanian Tiger TT Plate Carrier SidePanel Set"},"content":{"rendered":"<p><span id=\"result_box\" class=\"\" lang=\"de\"><\/span><span id=\"result_box\" class=\"\" lang=\"de\"><\/span><span style=\"font-size: medium\"><strong>TT Plate Carrier SidePanel Set<\/strong><\/span><\/p>\n<p>Robuste Schutzwesten-Seitenteile mit MOLLE auf der Au\u00dfen- und Flauschklett auf der Innenseite. Sie k\u00f6nnen anstelle der vorhandenen verstellbaren Seitenteile verwendet werden. Die Befestigung erfolgt direkt am hinteren MOLLE-System, dadurch sind sie verwindungssicher. Gr\u00f6\u00dfe ab Befestigung inkl. Klettfl\u00e4che: 49 cm x 14 cm.<\/p>\n<p>Paarweise erh\u00e4ltlich; Klettfl\u00e4che auf der Innenseite (Flausch); Kompatibel mit TT Mag Pouches VL; Zum Befestigen von Pouches f\u00fcr SK4-Seitenplatten (z.B. 7564 TT Side Plate Pouch); MOLLE-System auf der Au\u00dfenseite; MOLLE-System zur individuellen Erweiterung;<\/p>\n<h6><span class=\"sku_wrapper\"><span class=\"sku\" data-o_content=\"7973\">Informationen zur Produktsicherheit (GPSR)<br \/>\nTATONKA GmbH<br \/>\nRobert-Bosch-Stra\u00dfe 3<br \/>\n86453 Dasing Germany<br \/>\ninfo@tatonka.de <\/span><\/span><\/h6>\n","protected":false},"excerpt":{"rendered":"<p><span id=\"result_box\" class=\"\" lang=\"de\"><\/span><span id=\"result_box\" class=\"\" lang=\"de\"><\/span>Tasmanian Tiger TT Plate Carrier SidePanel Set<\/p>\n","protected":false},"featured_media":4548,"comment_status":"open","ping_status":"closed","template":"","meta":[],"product_cat":[236,217],"product_tag":[1160,1146,244,625,1157,1163,1159,1158,1162,1161,246,1099,1154,1098,1150,1100,1109],"acf":[],"tiered_pricing_type":"fixed","tiered_pricing_fixed_rules":[],"_links":{"self":[{"href":"\/shop\/wp-json\/wp\/v2\/product\/4547"}],"collection":[{"href":"\/shop\/wp-json\/wp\/v2\/product"}],"about":[{"href":"\/shop\/wp-json\/wp\/v2\/types\/product"}],"replies":[{"embeddable":true,"href":"\/shop\/wp-json\/wp\/v2\/comments?post=4547"}],"wp:featuredmedia":[{"embeddable":true,"href":"\/shop\/wp-json\/wp\/v2\/media\/4548"}],"wp:attachment":[{"href":"\/shop\/wp-json\/wp\/v2\/media?parent=4547"}],"wp:term":[{"taxonomy":"product_cat","embeddable":true,"href":"\/shop\/wp-json\/wp\/v2\/product_cat?post=4547"},{"taxonomy":"product_tag","embeddable":true,"href":"\/shop\/wp-json\/wp\/v2\/product_tag?post=4547"}],"curies":[{"name":"wp","href":"https:\/\/api.w.org\/{rel}","templated":true}]}}