{"id":3534,"date":"2024-02-23T23:35:36","date_gmt":"2024-02-23T22:35:36","guid":{"rendered":"https:\/\/www.security-store.de\/shop\/?post_type=product&#038;p=3534"},"modified":"2025-07-13T20:39:00","modified_gmt":"2025-07-13T18:39:00","slug":"walther-oc4-pfeffergel-ballistischer-spruehstrahl","status":"publish","type":"product","link":"\/shop\/produkt\/walther-oc4-pfeffergel-ballistischer-spruehstrahl\/","title":{"rendered":"Walther OC4 PfefferGEL ballistischer Spr\u00fchstrahl"},"content":{"rendered":"<p><span style=\"color: ff0000;font-family: Arial,Helvetica,Univers,Zurich BT\"><b>Walther <\/b><\/span><b><span style=\"font-family: Arial,Helvetica,Univers,Zurich BT\">OC4 PfefferGEL<br \/>\n<\/span><\/b><strong>ballistischer <\/strong><strong>Spr\u00fchstrahl<\/strong><\/p>\n<p>mit <b>UV <\/b>Farbstoff,<\/p>\n<h6 align=\"LEFT\"><span style=\"font-family: Arial,Helvetica,Univers,Zurich BT\">74ml Inhalt,<br \/>\nca. 17 ein Sekunden Spr\u00fchst\u00f6sse,<br \/>\nReichweite ca. 3- 4 m<br \/>\nH\u00f6he ca. 16,2cm, <\/span><span style=\"font-family: Arial,Helvetica,Univers,Zurich BT\">\u00f8<br \/>\n<\/span><span style=\"font-family: Arial,Helvetica,Univers,Zurich BT\">ca.3,5cm<br \/>\n52,70 EUR pro 100 Milliliter<br \/>\n<\/span><br \/>\n<span style=\"font-family: arial\">Reizstoffspr\u00fchger\u00e4te die den Wirkstoff OC (Oleoresin<br \/>\nCapsicum) enthalten, d\u00fcrfen in der BRD von Privatpersonen nur zur Tierabwehr<br \/>\neingesetzt werden <strong>(Tierabwehrspray)<\/strong>. Bei diesem Verwendungszweck unterliegen sie nicht dem deutschen Waffengesetz und dessen Pr\u00fcfvorschriften.<\/span><\/h6>\n<h6><img loading=\"lazy\" decoding=\"async\" class=\"\" src=\"http:\/\/police-shop.com\/shop\/media\/images\/popup\/Achtung.jpg\" width=\"31\" height=\"30\" \/><\/h6>\n<h6>Achtung<\/h6>\n<h6>Beh\u00e4lter steht unter Druck: kann bei Erw\u00e4rmung bersten. Verursacht schwere Augenreizung. Darf nicht in die H\u00e4nde von Kindern gelangen. Von Hitze, hei\u00dfen Oberfl\u00e4chen, Funken, offenen Flammen und anderen Z\u00fcndquellen fernhalten. Nicht rauchen. Nicht durchstechen oder verbrennen, auch nicht nach Gebrauch. BEI KONTAKT MIT DEN AUGEN: Einige Minuten lang behutsam mit Wasser sp\u00fclen. Eventuell vorhandene Kontaktlinsen nach M\u00f6glichkeit entfernen. Weiter sp\u00fclen.<br \/>\nVor Sonnenbestrahlung sch\u00fctzen. Nicht Temperaturen \u00fcber 50 \u00b0C aussetzen.<br \/>\nEnth\u00e4lt 35,0 % Massenprozent entz\u00fcndliche Bestandteile.<\/h6>\n","protected":false},"excerpt":{"rendered":"<p><b>Walther <\/b><b>OC4 PfefferGEL<br \/>\n<\/b><strong>ballistischer <\/strong><strong>Spr\u00fchstrahl<\/strong><\/p>\n","protected":false},"featured_media":3535,"comment_status":"closed","ping_status":"closed","template":"","meta":[],"product_cat":[227],"product_tag":[320,326,325,321,322,324,323,319],"acf":[],"tiered_pricing_type":"fixed","tiered_pricing_fixed_rules":[],"_links":{"self":[{"href":"\/shop\/wp-json\/wp\/v2\/product\/3534"}],"collection":[{"href":"\/shop\/wp-json\/wp\/v2\/product"}],"about":[{"href":"\/shop\/wp-json\/wp\/v2\/types\/product"}],"replies":[{"embeddable":true,"href":"\/shop\/wp-json\/wp\/v2\/comments?post=3534"}],"wp:featuredmedia":[{"embeddable":true,"href":"\/shop\/wp-json\/wp\/v2\/media\/3535"}],"wp:attachment":[{"href":"\/shop\/wp-json\/wp\/v2\/media?parent=3534"}],"wp:term":[{"taxonomy":"product_cat","embeddable":true,"href":"\/shop\/wp-json\/wp\/v2\/product_cat?post=3534"},{"taxonomy":"product_tag","embeddable":true,"href":"\/shop\/wp-json\/wp\/v2\/product_tag?post=3534"}],"curies":[{"name":"wp","href":"https:\/\/api.w.org\/{rel}","templated":true}]}}